3/3 + 2*t**2 - 15*t. Calculate v(-3).
1
Suppose 0 = -4*o - 3*q + 2 + 25, 4*o - 3*q - 21 = 0. Let j = o + -10. Let d(y) be the first derivative of y**3/3 + 3*y**2/2 + 2*y + 15. Calculate d(j).
6
Let s = 74 - 79. Let h(q) = -q**3 - 5*q**2 + q - 1. Give h(s).
-6
Let s = -19 + 5. Let n be s/63 + 40/18. Let d(g) = 7*g**n + 5 - 6*g**2 + 5*g - 3*g - 4. What is d(-3)?
4
Let g = 3 - 0. Suppose 8 = g*o + 2*u - 12, 5*u - 11 = -o. Let z(m) = m**3 - 6*m**2 + 2*m - 5. Determine z(o).
7
Let a(y) = 2*y - 3. Let h be 4/10 - 16/(-10). Let s(z) = -z**3 + z**2 + z - 1. Let d be s(h). Determine a(d).
-9
Let k(v) = v**3 - 5*v**2 - 7*v + 3. Suppose -g + 8 = 3*g. Suppose -p = g + 8. Let f be ((-9)/5)/(3/p). Calculate k(f).
-3
Let j(o) = -o**2 + 4 + 2 + 8*o + 3 - 2. Calculate j(7).
14
Let u(i) = -3*i - 3*i + 5 + 6*i + i. Give u(-6).
-1
Let i(t) = t**3 + 4*t**2 + 2*t - 1. Suppose -3*m + 2*x = 7, -5*m + 5*x - 2 - 8 = 0. What is i(m)?
2
Let l(p) = 1 + 3*p**3 - 6 + 6*p**2 - 4*p**3. Let v be 0 + 1 + 3 + 2. Calculate l(v).
-5
Let t(s) be the first derivative of -s**3/3 - s**2/2 + 2*s + 49. Let j = -6 + 9. Give t(j).
-10
Suppose -15 = m + 2*m. Let z(i) be the third derivative of -5*i**4/24 + i**3/2 - 2*i**2. Let b(j) = 4*j - 2. Let g(u) = 6*b(u) + 5*z(u). Calculate g(m).
8
Let q be 2 - 2 - (0/(-4) - 0). Let b(l) be the third derivative of 0*l + 4*l**2 + q + 1/12*l**4 - 5/6*l**3. Determine b(5).
5
Let l(d) = -11*d + 1. Let r = 29 + -28. What is l(r)?
-10
Let o(l) = -l**3 + l - 1. Let v(n) = -n**2 - 1. Let x(r) = 12*r**3 + r**2 - 10*r + 11. Let y(s) = 3*v(s) + x(s). Let k(g) = -10*o(g) - y(g). Give k(2).
-6
Let s(i) = -i**3 - 2*i**2 + 3*i - 2. Suppose -3*y - 2*y - 5 = 0. Let g = -4 - y. Give s(g).
-2
Suppose -3 = j + 2*j, 5*o = 5*j. Let p(s) = 1 - 2*s - 13*s**2 - 2 + 8*s**2. What is p(o)?
-4
Let l(t) be the third derivative of t**4/24 + t**3/2 - 4*t**2 + 2. What is l(-2)?
1
Suppose -z + 49 = -2*s, -18 = z + 2*s - 47. Let o(h) = h**2 + 6*h - 3*h**2 - 43 + z. Give o(4).
-12
Let j(d) = -21*d**2 - 2*d + 1. Let r = -45 - -46. Give j(r).
-22
Let c = 4 + 4. Let b(q) = -q**3 + 7*q**2 + 8*q - 11. Give b(c).
-11
Let m(l) = -l**3 + 3 - l**2 + 10*l**2 - 2*l**2 - 9. What is m(7)?
-6
Let n(m) be the third derivative of -m**6/30 + m**5/60 + 20*m**2. Give n(-1).
5
Let l(u) = -u**3 + 6*u**2 - 5*u + 3. Let y be l(5). Let d(g) = 14 + g**y + g**2 - 14. Give d(-2).
-4
Suppose 3*b - 4 = 2. Suppose 5*n + 14 = -2*r, b*r = 7*n - 4*n + 18. Suppose 9 = -4*j - 5*d + 4*d, 4*j + 5 = r*d. Let t(q) = -5*q - 2. Determine t(j).
8
Let x(l) = -4*l - 1 - 8*l + 6 + 10*l. Calculate x(6).
-7
Let v = 51 - 51. Let r(f) = -f**2 - f - 9. What is r(v)?
-9
Let n(i) = -3 - 2*i - 4*i + 3 - 2. Give n(3).
-20
Let y(c) = c + 5. Let z(q) = -q - 5. Let m(n) = 4*y(n) + 5*z(n). What is m(4)?
-9
Let g = -4 - -4. Let o(i) = -4 + 3*i + g*i - 2*i + 2. Suppose 20 = 4*n, -4*f - n = -4 - 5. Give o(f).
-1
Let r(b) be the first derivative of 4*b**2 - b - 2. Give r(-1).
-9
Let j(v) = -4*v**2 + v**3 + 2*v - 2 - 1 + 2. Suppose 0 = -2*w + 15 - 5. Suppose -5 = -4*s + z, -w*s + 8*z - 3*z - 5 = 0. Determine j(s).
-5
Let n(a) = 7*a - 1. Let p(x) = 6*x - 1. Let d be (-42)/(-9) + 4/12. Let g(b) = d*n(b) - 6*p(b). Suppose -s + 0 = -5*y - 1, s - y = -3. Give g(s).
5
Let g(h) be the first derivative of h**4/4 - h**3 - h**2 + 16. Determine g(3).
-6
Let f(k) be the third derivative of -k**6/120 + k**5/20 - k**4/12 - k**3/3 + 9*k**2. Determine f(3).
-8
Suppose 4 = -0*h + h. Suppose 6 = -3*r + 5*r. Let n(z) = -r + h - z**3 + 4*z**2 - 7*z**2. Determine n(-3).
1
Suppose -9 + 1 = -4*m. Let w(v) = v. Let p be w(m). Suppose -p*l + 3*l = 0. Let z(i) = i**3 + 10. Give z(l).
10
Let p(k) = -k + 2. Let g(i) = i**2 - 4*i - 12. Let q be g(6). Suppose q = -2*l - 3*l - 20. Give p(l).
6
Let y(u) = -u + 3. Let s(c) = -c - 7. Let v be s(-7). Give y(v).
3
Let k(y) be the third derivative of 5*y**4/12 - 6*y**2 + 2. Calculate k(1).
10
Let y be 1*6 - 0/(-12). Let m(i) = i**3 - 5*i**2 - 6*i. What is m(y)?
0
Let h be -1*-1*(-1 + 2). Let x(w) = -w**3 - 3*w**2 + 2*w - 2. Let c(d) = d**3 + 7*d**2 - 5*d + 5. Let t(g) = 2*c(g) + 5*x(g). Calculate t(h).
-4
Let j = 3/2 - 7/6. Let g(p) be the third derivative of 0*p + p**2 + 1/6*p**4 + j*p**3 - 1/60*p**5 + 0. What is g(4)?
2
Let w(v) = v + 1. Suppose -4*i - a = -25, 2*a - 11 - 9 = -2*i. Give w(i).
6
Let m(n) = -n. Let i(b) = 0 - 11 + 4*b + 2. Let l(q) = i(q) + 2*m(q). Give l(6).
3
Let r(i) = 10 - 9 - 2*i + 2 - i. Give r(-3).
12
Let y(v) = -7*v**3 - 6*v**2 + 2*v + 7. Let w(q) = q**3. Let b(h) = -6*w(h) - y(h). Determine b(-6).
5
Let o(r) be the first derivative of -3*r**2/2 + 9*r - 12. Determine o(6).
-9
Let f(v) be the second derivative of v**3/6 + 4*v**2 + 4*v. What is f(-9)?
-1
Let k(b) = b + 14. Let y(g) = -2*g**2 + 3*g + 3. Let a be y(3). Determine k(a).
8
Let g(h) = -7*h**3 + 7*h**2 - 12*h + 2. Let u(b) = -3*b**3 + 4*b**2 - 6*b + 1. Let f(p) = 2*g(p) - 5*u(p). Give f(4).
-9
Let m(c) = 5*c**2 - c - 1. Let u(d) = -d + 1. Let l be u(-3). Let i(b) = -4*b + 0*b**2 - b + 6*b - 4*b**2. Let z(q) = l*i(q) + 3*m(q). Calculate z(3).
-9
Let c be (-3 + 2 - -1)/(-2). Let q(o) be the first derivative of o**4/4 - o**3/3 + 4*o + 2. Give q(c).
4
Let i(a) = -a + 2. Let l be -10*(-3 - 13/(-5)). Let y be i(l). Let z(f) = 3*f + 2. Determine z(y).
-4
Let c = 42 - 26. Let z be 24/5 + (-3)/(-15). Suppose -2*v - c = -7*v + 3*p, z*v = 4*p + 13. Let k(r) = 2*r - 7. Calculate k(v).
3
Let t = 0 + -2. Let m(j) = j**2 + 3*j + 3. Let q(g) = -4*g**2 - 13*g - 13. Let b(a) = 9*m(a) + 2*q(a). Give b(t).
3
Let g be 1/5 + (-36)/(-20). Let v(t) = -1 + g*t - 1 - 4. Determine v(5).
4
Suppose -24 = -2*l - 2*l. Let m(a) = -2*a + 5. Calculate m(l).
-7
Suppose 2*j - 3*x = -9, 0*j - x - 11 = 4*j. Let t(g) be the first derivative of g**4/4 + 2*g**3/3 - 2*g**2 - 3*g - 5. Give t(j).
0
Let x(d) = -3*d + 5. Let c(u) = -4*u + 5. Let b = 19 + -14. Let w(p) = b*x(p) - 4*c(p). What is w(-7)?
-2
Let m(h) = -h**3 + 6*h**2 - 6*h + 3. Let d = 20 - 15. Let w be m(d). Let c(o) = o**3 + 2*o**2 - 2*o - 2. What is c(w)?
2
Let i be (8 - 0)*4/8. Suppose 0*y = 2*y - 6. Let j(d) = -3*d + y*d - 3*d - 1. Determine j(i).
-13
Let d be -2*(2/(-4) + 1). Let m(l) = -11*l + 5. Let z(y) = -11*y + 5. Let c(u) = -3*m(u) + 4*z(u). Let t(w) = -5*w + 2. Let i(v) = -3*c(v) + 7*t(v). Give i(d).
1
Let g(r) = 8*r + 11*r**2 - 4*r**2 - 8*r**2 + 2. Give g(6).
14
Let m(d) be the second derivative of 1/12*d**4 + 0 - d**3 - 3*d + 3*d**2. What is m(6)?
6
Let v(r) be the first derivative of r**2 - r - 15. What is v(-1)?
-3
Suppose -4*i = -6*i - 10. Let k(s) be the second derivative of -3/2*s**2 - 1/12*s**4 - 5/6*s**3 + 0 - s. Calculate k(i).
-3
Let j(n) = -5*n**3 - 12*n**2 - 17*n - 1. Let u(k) = -3*k**3 - 8*k**2 - 11*k - 1. Let t(h) = -5*j(h) + 8*u(h). Determine t(5).
7
Let d = -1 + 3. Suppose -2*i - 2*u - d = 0, 0*u = -i - 3*u - 1. Let y(x) = -2*x**2 - 2 + 3 + 2*x - x**2 - 8*x**2. Determine y(i).
-12
Let m(g) = g - 4. Suppose -34*z - 12 = -31*z. What is m(z)?
-8
Let g(s) be the second derivative of -s**5/20 - 5*s**4/12 - s**3/3 + 5*s**2/2 - s. Let h be 46/(-11) - (-22)/121. Give g(h).
-3
Let k be (-1 - 2)*1 - -7. Let i(o) = -k - 2*o**2 + 2*o + 2*o**3 + 4 - 2 + 0*o**2. Let x(z) = z**3 + 6*z**2 + z + 8. Let w be x(-6). Determine i(w).
10
Let v(q) = -2*q - 12. Let n be v(-8). Let l(g) = g**2 - 2*g - 2. Let i be l(n). Let h(o) = -2*o + 6. Calculate h(i).
-6
Suppose 4*v + 6 = 3*v. Let k(t) = t**3 + 5*t**2 - 8*t - 7. Calculate k(v).
5
Let y be 44/14 - 15/105. Let d(g) = 18 - 30 + y*g + 13. Let j(l) = l**2 - 5*l + 2. Let i be j(4). Determine d(i).
-5
Let u(y) = -y**3 + 4*y**2 + 4*y + 6. Suppose -10 = 2*n + 4*d, -2*n - 4*d - 9 = n. Let c be n*10*(-2)/(-4). Give u(c).
1
Let j(q) be the second derivative of -q**3/3 + 2*q**2 - 7*q. Calculate j(7).
-10
Let d(w) = 4*w + 2. Let h(p) be the first derivative of p - 3. Let m(f) = -f - 2. Let s(r) = -3*h(r) - 2*m(r). Let b(z) = -4*d(z) + 7*s(z). Calculate b(-2).
3
Let g(h) = h - 1. Let i be g(5). Suppose i = c - 0. Let r(w) = -w**3 + 1 + 0*w**2 + 0*w**2 - 4*w + c*w**2. Calculate r(3).
-2
Let s = 64 - 58. Let m(t) = t**2 - 9*t + 7. Calculate m(s).
-11
Let b = -40 - -32. Let p(i) = -2*i - 9. What is p(b)?
7
Let o(t) = 4*t + 2. Suppose 2*a + 3*j = 4*j + 14, -3*a + 2*j + 19 = 0. Let s be (-